k(0).
-3
Let u(g) = -20*g**3 - 998*g**2 - 879*g + 153. Calculate u(-49).
6
Let k(n) = 7802*n**2 + 101431*n + 67. Determine k(-13).
2
Let p(i) = 2*i**3 + 14*i**2 - 19*i - 229. What is p(-7)?
-96
Let v(n) = 3*n**3 - 7*n**2 - 63*n + 583. Determine v(10).
2253
Let x(s) = -3941*s + 27417. What is x(7)?
-170
Let y(k) = 114*k**2 + 63499*k + 563. Give y(-557).
6
Let h(d) = -d**3 + 16*d**2 + 564*d + 3056. Give h(-9).
5
Let d(w) = -w**3 + 24*w**2 - 160*w + 463. Calculate d(13).
242
Let p(k) = -56*k**3 - 282*k**2 - 20*k - 37. What is p(-5)?
13
Let c(n) = -6*n**2 - 706*n + 6442. Calculate c(9).
-398
Let y(o) = -o**3 - 3*o**2 - 43*o + 176. What is y(6)?
-406
Let b(y) = -3*y**3 - 7*y**2 + 28*y - 27. Calculate b(10).
-3447
Let a(t) = -67*t**2 - 622*t - 27. What is a(-9)?
144
Let x(i) = -i**3 - 181*i**2 - 551*i - 4389. What is x(-178)?
-1363
Let l(h) = -87809*h**2 + 614604*h + 417. What is l(7)?
4
Let z(n) = 21*n**3 - 37*n**2 + 149*n + 5. What is z(4)?
1353
Let a(s) = s**3 + 33*s**2 - 748*s - 17319. What is a(-41)?
-99
Let j(z) = -2126*z + 51000. Calculate j(24).
-24
Let o(d) = -26*d**3 - 4*d**2 + 3*d + 23. What is o(-2)?
209
Let z(n) = 153*n**2 - 2323*n + 7792. What is z(5)?
2
Let n(o) = -o**3 - 47*o**2 - 1274*o - 20760. What is n(-28)?
16
Let a(i) = -2*i**3 + 548*i**2 + 23702*i + 3113. Calculate a(312).
-7
Let l(h) = -h**3 + 16*h**2 + 307*h - 127. Calculate l(26).
1095
Let f(r) = 2*r**2 + 732*r + 25730. Determine f(-326).
-350
Let x(t) = -22*t**2 + 21040*t + 495559. Calculate x(-23).
1
Let p(w) = -w**3 + 5*w**2 + 59*w + 321. What is p(-7)?
496
Let f(r) = -447*r + 63019. Determine f(141).
-8
Let h(n) = 26*n**2 - 1405*n - 2812. Calculate h(-2).
102
Let u(c) = -41*c**3 + 10*c**2 - 5*c - 1. Calculate u(3).
-1033
Let c(t) = 103*t**3 - 42*t**2 + 124*t - 5. What is c(3)?
2770
Let j(x) = 72*x**2 + 402*x - 7. Give j(-7).
707
Let b(f) = 58*f**2 - 55*f - 57. What is b(-1)?
56
Let k(o) = 252*o**2 - 1978*o - 100. Determine k(8).
204
Let i(f) = -3479*f + 69806. Give i(20).
226
Let s(j) = 13*j**3 - 1408*j**2 + 436*j - 359. Determine s(108).
73
Let h(x) = -x**3 + x**2 - 815*x + 4213. Determine h(5).
38
Let j(h) = h**2 + 603223*h + 603221. What is j(-1)?
-1
Let b(h) = -33*h - 2319. Determine b(-71).
24
Let m(w) = 35*w**3 + 19*w**2 + 18*w + 12. What is m(-2)?
-228
Let q(p) = 51*p - 1717. Calculate q(13).
-1054
Let n(p) = -183*p + 18983. Calculate n(111).
-1330
Let f(t) = -15*t**3 + 934*t**2 - 241*t - 442. Calculate f(62).
-8
Let l(h) = 2*h**2 - 51*h + 420. What is l(7)?
161
Let d(l) = 20*l**3 + 4899*l**2 - 257*l - 2845. Give d(-245).
95
Let s(x) = x**3 + 223*x**2 + 647*x - 923. Calculate s(-4).
-7
Let f(c) = -10*c**2 - 1040*c + 5235. Give f(5).
-215
Let n(w) = -249*w**2 + 6729*w - 31. What is n(27)?
131
Let u(g) = 63*g - 11072. Determine u(216).
2536
Let r(p) = -3*p**3 + 106*p**2 - 803*p + 5249. Give r(28).
13
Let t(p) = 751*p - 471637. Determine t(628).
-9
Let y(k) = k**3 - 238*k**2 + 4159*k + 604. Calculate y(219).
166
Let i(d) = d**3 - 223*d**2 + 393*d + 10877. Give i(221).
48
Let s(h) = -h**3 + 243*h**2 - 2108*h + 13. Determine s(9).
-5
Let a(o) = -o**3 + 674*o**2 + 3330*o + 44131. What is a(679)?
-4
Let a(k) = 2*k**3 + 25*k**2 + 1919*k + 22885. Calculate a(-12).
1
Let k(n) = -920*n**3 + 7360*n**2 + 34*n - 268. Calculate k(8).
4
Let b(v) = v**2 + 460*v - 2710. Calculate b(6).
86
Let i(w) = -w**3 - 906*w**2 - 40408*w - 1623. Calculate i(-47).
22
Let v(s) = 7*s**3 - 1299*s**2 + 732*s + 1541. Determine v(185).
61
Let p(h) = -h**3 + 22*h**2 + 141*h - 531. Give p(27).
-369
Let x(h) = 1421*h + 647968. What is x(-456)?
-8
Let m(v) = -9*v**2 + 44104*v - 484009. Give m(11).
46
Let h(f) = 5437*f**2 - 21766*f - 5. What is h(4)?
-77
Let i(a) = 50391*a - 38599513. Determine i(766).
-7
Let u(p) = p**3 - 319*p**2 + 268*p + 15902. Determine u(318).
2
Let z(x) = -x**3 + 21*x**2 - 78*x - 53. Calculate z(18).
-485
Let c(d) = d**3 - 52*d**2 - 91*d + 5. Give c(0).
5
Let a(l) = 59*l + 4101. Calculate a(-61).
502
Let v(t) = -7*t**3 + 971*t**2 + 279*t - 122. What is v(139)?
17
Let c(a) = 3*a**3 - 223*a**2 + 552*a - 35698. Calculate c(74).
-326
Let s(z) = 28*z**2 + 802*z + 800. Determine s(-1).
26
Let b(v) = -7*v**3 + 199*v**2 + 148*v - 593. What is b(29)?
335
Let z(j) = 1402*j**3 + 2*j**2 - 35*j + 32. Determine z(1).
1401
Let j(h) = -13*h**2 - 3244*h + 152534. Determine j(-290).
-6
Let h(c) = 13*c**3 - 21*c**2 + 676*c - 1375. What is h(2)?
-3
Let a(z) = -104*z**3 + 1560*z**2 + 11*z + 31. Calculate a(15).
196
Let r(a) = -8*a**2 - 404*a + 940. Calculate r(-53).
-120
Let d(o) = 26120*o - 2951562. Give d(113).
-2
Let x(y) = -4495*y**2 + 31459*y + 23. What is x(7)?
-19
Let j(w) = -348*w + 5783. Give j(16).
215
Let a(h) = 6830*h + 6851. Determine a(-1).
21
Let b(n) = 5813*n + 64023. Give b(-11).
80
Let b(l) = -125*l + 8159. What is b(67)?
-216
Let n(u) = -2*u**3 + 740*u**2 + 13160*u - 758. What is n(387)?
16
Let o(n) = -5101*n**2 - 5072*n + 2. What is o(-1)?
-27
Let c(y) = 60*y**2 + 13451*y - 80284. Determine c(-230).
-14
Let g(z) = 2*z**3 - 131*z**2 + 755*z - 5681. Determine g(60).
19
Let x(s) = 2593*s - 453752. Calculate x(175).
23
Let o(p) = -3*p**2 + 2503*p - 17632. What is o(7)?
-258
Let g(r) = -184*r**2 + 7*r + 14. What is g(-2)?
-736
Let g(y) = -1835*y**2 + 5536*y + 6. Determine g(3).
99
Let k(q) = -q**2 + 2188*q - 766489. Give k(438).
11
Let v(h) = 345*h - 24836. What is v(72)?
4
Let d(g) = 59*g**2 + 503*g + 19. Determine d(-9).
271
Let t(r) = -239*r**2 - 2196*r - 61. Calculate t(-9).
344
Let v(m) = 323*m - 3566. What is v(6)?
-1628
Let i(j) = 3*j**2 - 143*j + 395. What is i(29)?
-1229
Let d(t) = -1025*t + 449981. Calculate d(439).
6
Let i(o) = -8*o**3 + 22*o**2 - 47*o + 76. Give i(2).
6
Let r(q) = 3568*q + 14466. Calculate r(-4).
194
Let a(x) = -3*x**3 - 2188*x**2 - 915*x - 135637. Give a(-729).
-43
Let h(u) = -1733*u + 117726. Calculate h(68).
-118
Let w(b) = -b**3 + 2*b**2 - 19304*b - 19307. What is w(-1)?
0
Let x(b) = 329761*b + 4286876. What is x(-13)?
-17
Let x(h) = -2*h**3 + 53*h**2 - 298*h - 132. Calculate x(18).
12
Let y(u) = 1251*u + 362532. Determine y(-290).
-258
Let l(r) = 4271*r + 1114748. Determine l(-261).
17
Let d(l) = l**3 + 74*l**2 - 108*l - 7988. Give d(-74).
4
Let x(r) = -4*r**2 + 225890*r - 2258511. Determine x(10).
-11
Let c(d) = 35*d**2 - 578*d - 1638. Calculate c(19).
15
Let q(d) = -d**3 + 19*d**2 - 118*d + 260. Calculate q(14).
-412
Let p(u) = -u**3 + 20*u**2 - 3535*u + 66799. What is p(19)?
-5
Let w(u) = 5616*u - 1201819. What is w(214)?
5
Let d(h) = 410*h + 15175. Calculate d(-37).
5
Let p(z) = 19446*z - 388891. Give p(20).
29
Let c(y) = 461*y + 77. Calculate c(-2).
-845
Let o(c) = -c**2 + 993*c + 11900. Give o(-12).
-160
Let y(k) = 2*k**2 - 30*k + 49. Calculate y(28).
777
Let b(k) = -k**2 + 653*k - 60173. What is b(111)?
-11
Let m(y) = 8*y**2 - 26543*y + 53086. Calculate m(2).
32
Let a(s) = -2*s**2 + 114*s - 1654. What is a(17)?
-294
Let o(a) = 26437*a + 211492. Give o(-8).
-4
Let q(y) = y**3 - 219*y**2 + 1259*y + 2918. Determine q(213).
-1129
Let o(n) = n**2 - 1683*n - 35699. Give o(-21).
85
Let h(k) = -k**2 + 28*k - 240. What is h(20)?
-80
Let x(d) = 17*d**3 - 90*d**2 - 144*d + 422. Determine x(6).
-10
Let k(z) = 15078*z - 8217511. What is k(545)?
-1
Let o(y) = y**3 + 101*y**2 + 1164*y + 1741. What is o(-88)?
-19
Let u(g) = 18*g**2 + 5471*g - 376. Calculate u(-304).
-72
Let u(x) = -2*x**3 + 5*x**2 + 176*x + 7. What is u(13)?
-1254
Let a(y) = -y**2 - 23071*y - 17. Calculate a(0).
-17
Let f(l) = -2289*l**2 + 263*l + 274. Calculate f(-1).
-2278
Let p(t) = -t**3 - 449*t**2 + 4100*t + 175. Determine p(9).
-23
Let q(v) = 816*v - 770. Determine q(1).
46
Let f(c) = -c**2 + 932*c + 27871. Determine f(-29).
2
Let n(s) = -39*s + 2182. Calculate n(57).
-41
Let o(s) = -7*s**2 - 21290*s + 42575. Determine o(2).
-33
Let d(l) = l**3 - 96*l**2 + 2270*l - 499. Give d(45).
-1624
Let q(l) = 8*l**2 + 199*l - 634. What is q(-28)?
66
Let v(z) = 31*z**2 + 1986*z + 50. Calculate v(-64).
-78
Let z(i) = -3*i**3 - 231*i**2 - 846*i + 2186. Calculate z(-73).
-4
Let o(t) = t**2 + 3235*t + 32266. Calculate o(-10).
16
Let q(m) = -38826*m - 388310. Give q(-10).
-50
Let o(q) = -149*q**2 + 164*q + 4. What is o(1)?
19
Let l(p) = 11*p**2 + 1071*p + 24652. Give l(-60).
-8
Let w(y) = -781*y + 545